ainder when 77 is divided by 20?
17
Calculate the remainder when 677 is divided by 102.
65
Calculate the remainder when 100 is divided by 26.
22
Calculate the remainder when 101 is divided by 22.
13
Calculate the remainder when 224 is divided by 117.
107
What is the remainder when 115 is divided by 69?
46
Calculate the remainder when 603 is divided by 23.
5
What is the remainder when 417 is divided by 39?
27
Calculate the remainder when 7063 is divided by 49.
7
What is the remainder when 3449 is divided by 36?
29
Calculate the remainder when 1464 is divided by 483.
15
Calculate the remainder when 160 is divided by 47.
19
What is the remainder when 515 is divided by 157?
44
What is the remainder when 162 is divided by 88?
74
Calculate the remainder when 81 is divided by 17.
13
What is the remainder when 136 is divided by 48?
40
Calculate the remainder when 134 is divided by 17.
15
Calculate the remainder when 1263 is divided by 16.
15
Calculate the remainder when 195 is divided by 49.
48
What is the remainder when 26 is divided by 13?
0
Calculate the remainder when 230 is divided by 71.
17
Calculate the remainder when 4727 is divided by 19.
15
Calculate the remainder when 700 is divided by 30.
10
Calculate the remainder when 1345 is divided by 671.
3
What is the remainder when 721 is divided by 47?
16
Calculate the remainder when 279 is divided by 97.
85
Calculate the remainder when 165 is divided by 53.
6
What is the remainder when 1998 is divided by 223?
214
Calculate the remainder when 5394 is divided by 73.
65
What is the remainder when 146 is divided by 15?
11
What is the remainder when 7230 is divided by 268?
262
Calculate the remainder when 236 is divided by 62.
50
What is the remainder when 589 is divided by 573?
16
Calculate the remainder when 22 is divided by 18.
4
Calculate the remainder when 107 is divided by 10.
7
What is the remainder when 68 is divided by 3?
2
Calculate the remainder when 19479 is divided by 382.
379
What is the remainder when 401 is divided by 156?
89
Calculate the remainder when 374 is divided by 34.
0
Calculate the remainder when 189 is divided by 39.
33
What is the remainder when 129 is divided by 22?
19
Calculate the remainder when 176 is divided by 77.
22
Calculate the remainder when 166 is divided by 15.
1
What is the remainder when 154 is divided by 40?
34
What is the remainder when 595 is divided by 100?
95
Calculate the remainder when 4677 is divided by 37.
15
What is the remainder when 305 is divided by 96?
17
What is the remainder when 782 is divided by 31?
7
Calculate the remainder when 36 is divided by 10.
6
Calculate the remainder when 497 is divided by 39.
29
Calculate the remainder when 822 is divided by 411.
0
Calculate the remainder when 207 is divided by 35.
32
Calculate the remainder when 1083 is divided by 12.
3
What is the remainder when 147 is divided by 23?
9
What is the remainder when 106 is divided by 36?
34
Calculate the remainder when 8 is divided by 6.
2
Calculate the remainder when 556 is divided by 141.
133
Calculate the remainder when 173 is divided by 23.
12
What is the remainder when 292 is divided by 47?
10
What is the remainder when 59 is divided by 14?
3
What is the remainder when 1311 is divided by 1291?
20
Calculate the remainder when 373 is divided by 40.
13
What is the remainder when 896 is divided by 253?
137
What is the remainder when 1978 is divided by 969?
40
What is the remainder when 38 is divided by 32?
6
Calculate the remainder when 39 is divided by 2.
1
What is the remainder when 988 is divided by 99?
97
What is the remainder when 235 is divided by 17?
14
What is the remainder when 701 is divided by 177?
170
What is the remainder when 378 is divided by 55?
48
Calculate the remainder when 98 is divided by 11.
10
What is the remainder when 25 is divided by 18?
7
What is the remainder when 738 is divided by 57?
54
What is the remainder when 1725 is divided by 86?
5
What is the remainder when 184 is divided by 51?
31
What is the remainder when 109 is divided by 11?
10
What is the remainder when 1792 is divided by 39?
37
What is the remainder when 546 is divided by 94?
76
What is the remainder when 179 is divided by 74?
31
What is the remainder when 140 is divided by 81?
59
What is the remainder when 690 is divided by 103?
72
Calculate the remainder when 1342 is divided by 394.
160
Calculate the remainder when 339 is divided by 38.
35
What is the remainder when 1175 is divided by 38?
35
Calculate the remainder when 382 is divided by 38.
2
What is the remainder when 23965 is divided by 16?
13
Calculate the remainder when 87 is divided by 41.
5
Calculate the remainder when 1095 is divided by 306.
177
What is the remainder when 1668 is divided by 549?
21
Calculate the remainder when 187 is divided by 15.
7
What is the remainder when 88 is divided by 9?
7
What is the remainder when 318 is divided by 109?
100
Calculate the remainder when 742 is divided by 190.
172
What is the remainder when 1012 is divided by 130?
102
Calculate the remainder when 1710 is divided by 59.
58
Calculate the remainder when 75 is divided by 72.
3
What is the remainder when 487 is divided by 160?
7
What is the remainder when 16 is divided by 10?
6
Calculate the remainder when 546 is divided by 97.
61
Calculate the remainder when 967 is divided by 19.
17
What is the remainder when 152 is divided by 15?
2
What is the remainder when 1223 is divided by 21?
5
What is the remainder when 1462 is divided by 49?
41
What is the remainder when 1564 is divided by 87?
85
Calculate the remainder when 159 is divided by 41.
36
What is the remainder when 100 is divided by 18?
10
Calculate the remainder when 205 is divided by 35.
30
Calculate the remainder when 91 is divided by 14.
7
What is the remainder when 80 is divided by 11?
3
Calculate the remainder when 13725 is divided by 96.
93
What is the remainder when 1417 is divided by 57?
49
What is the remainder when 458 is divided by 155?
148
What is the remainder when 184 is divided by 48?
40
What is the remainder when 4211 is divided by 14?
11
Calculate the remainder when 1001 is divided by 59.
57
What is the remainder when 183 is divided by 156?
27
Calculate the remainder when 315 is divided by 306.
9
What is the remainder when 903 is divided by 183?
171
Calculate the remainder when 2984 is divided by 130.
124
Calculate the remainder when 1093 is divided by 531.
31
What is the remainder when 231 is divided by 159?
72
Calculate the remainder when 71 is divided by 59.
12
What is the remainder when 10501 is divided by 191?
187
Calculate the remainder when 2028 is divided by 335.
18
Calculate the remainder when 109 is divided by 37.
35
What is the remainder when 25190 is divided by 114?
110
What is the remainder when 4318 is divided by 24?
22
Calculate the remainder when 3898 is divided by 300.
298
What is the remainder when 56357 is divided by 20?
17
Calculate the remainder when 4139 is divided by 15.
14
Calculate the remainder when 439 is divided by 104.
23
Calculate the remainder when 542 is divided by 136.
134
What is the remainder when 22510 is divided by 48?
46
What is the remainder when 889 is divided by 99?
97
What is the remainder when 55 is divided by 21?
13
Calculate the remainder when 381 is divided by 38.
1
Calculate the remainder when 84 is divided by 29.
26
Calculate the remainder when 632 is divided by 192.
56
Calculate the remainder when 827 is divided by 6.
5
What is the remainder when 14 is divided by 4?
2
Calculate the remainder when 1995 is divided by 134.
119
What is the remainder when 324 is divided by 22?
16
Calculate the remainder when 348 is divided by 53.
30
What is the remainder when 12577 is divided by 38?
37
Calculate the remainder when 1130 is divided by 98.
52
What is the remainder when 4640 is divided by 14?
6
Calculate the remainder when 495 is divided by 21.
12
Calculate the remainder when 1994 is divided by 650.
44
What is the remainder when 938 is divided by 123?
77
What is the remainder when 213 is divided by 36?
33
Calculate the remainder when 6237 is divided by 260.
257
Calculate the remainder when 362 is divided by 52.
50
Calculate the remainder when 778 is divided by 12.
10
Calculate the remainder when 3561 is divided b